66)?
73
Evaluate -2 + 2 + 3 + (-7 - 0) + 163 + -174.
-15
Calculate 116 + -194 + 50 + 24 + -1.
-5
Calculate 1 - -64 - (-26568 + 26688).
-55
What is the value of -17 + (-6 + 2 + 9 + 10 - 15)?
-17
-9 + 9 + 3 + (-26 - (-5 - 7))
-11
Evaluate 22 + -54 + (4 - -51) + 0 + -111.
-88
(-41 - -25) + 6 - (77 + -12)
-75
What is 57 - -2 - (56 - (27 - -5))?
35
What is 28 - (-15 + -17 + (35 - 6))?
31
Calculate -3 + -32 + 5 + -11 + -4 + (-36 - -46).
-35
(360 - 372) + (7 + (8 - 13) - (-2 - 0))
-8
Calculate 92 - (36 - (30 - (-18 - -42))).
62
What is the value of -92 + -1 - (17631 + -17664)?
-60
12 + (11 - (159 + -155 + -13 + 0))
32
Calculate 10 + 12 + -1 + -20 + -8 + 4 + 21.
18
What is -50 + (151 - 38) - -37 - (-12 - (-2 + 0))?
110
Calculate -26 + (42 + -39 - -18).
-5
Calculate -86 - (11 - (-4 - -24)) - -5.
-72
What is the value of -50 + 0 - (-1658 - -1627)?
-19
What is 6 - -52 - (46 - 38)?
50
What is 50367 - 50322 - ((-1 - 95) + -2)?
143
-46 - (-48 + -84 + 75)
11
What is -2 - (0 + -1) - (1661 - 1669)?
7
-45 + 2 - (3081 - 3047)
-77
What is the value of 14 - (11 + -4) - (29 - 32)?
10
(-36 - -106 - 29) + -60
-19
What is 8 - (10 + (-12 + -12 + 10 - -2)) - -91?
101
Evaluate 8 - (-43 + 18 + 9 - -9 - -21).
-6
Evaluate 18 + 14 + -15 + (17 + -8 - -3).
29
What is -3 + 56 + (18 - (-13 + 53))?
31
-126 + (22 - (-10 + -18 + 43))
-119
Evaluate -413 + 410 + -1 + -5 + -3 + 111.
99
What is (37 - -1) + 5 + 19 + -11 + -7?
44
What is -6 + 4 + 8 + (-150 - -132) + 16?
4
What is the value of -2 - -82 - (-11 + -134 - -149)?
76
Calculate ((12 - -29) + -31 - (-32 - 0)) + 2 - 14.
30
What is 27 + (116 - 105) + (-1 - 5) + 1?
33
Calculate -2 - 1 - (11 - -1 - (43 + 42 + -78)).
-8
What is 1 + -20 + (-18 - -105) + -63?
5
Evaluate 7 + -4 + (9 - 73).
-61
Calculate (1 + 23 - (28 + -19)) + -124 + -2.
-111
(3 - -64) + 1 - (2583 + -2553)
38
Calculate 36 - (5 + ((8 - 14) + 15 - 8)).
30
What is the value of (8 - 4) + 26 - 5 - 18?
7
What is the value of 23 + -3 + (16 - 167) + 98?
-33
-1 - -1 - (-37 + -326 - -266)
97
Evaluate 15 - (6 + 7 + 59 + 14).
-71
What is (9 - -13 - ((-1 - 13) + -66)) + 0 + 14?
116
What is (-1 + 1 + 1 - (8114 + -8119)) + -5 + -36?
-35
What is (-26 - -9) + 92 + (-6 - (20 + -2))?
51
What is 359 - 330 - (4 - 20)?
45
Calculate 2 + -20 - (-56 - (-55 - -17)).
0
-5 - (59 + -13 + 14 + 12)
-77
Evaluate (-112 - -114) + 3 + -4 + 3 + -53.
-49
Calculate (-1 - -7) + -3 + (6 + (15 - -9) - 4).
29
(-35 - 1) + (-39 - -20 - -26)
-29
What is the value of -32 + 10 - (-20 - 3 - 17)?
18
Calculate (-19 - (-5 + -1)) + -90 + 64 - (-2 - -1).
-38
Evaluate (-4 - -29 - 7 - 14) + -6.
-2
Evaluate 77 + -26 + -179 + (18 - (4 - 6)).
-108
(5 - 116) + -1 - -110
-2
What is the value of -27 + 29 + (19 - (-8 + 0 - (-12 + 7)))?
24
Evaluate (1 - -32) + -913 + 915 + -75.
-40
What is the value of (-65 + 23 - -73) + -32?
-1
Calculate 38 + -8 - (1 + -3 + 6) - (467 - 469).
28
-87 + (34 - 7) - -29
-31
Calculate (35 - -45) + (50 - 86).
44
4 + (8 - 25) + 10 + 12 + -8 + -65
-64
Evaluate -3 + (-22 - (13 + -8 + 5)).
-35
Evaluate -9 - 15 - ((26 - 32) + 22).
-40
(-22 - (4 - 14)) + (63 - ((4 - 2) + -11))
60
Calculate -14 - (-3 + -9 - (2 - 10) - -4 - -45).
-59
What is (-18 - -9) + 6 - 10 - (6 - 2 - 50)?
33
What is the value of -8 + 51 - ((7 - 17) + 30)?
23
What is the value of -5 - (4 - 6) - (14 + (-44 - -20))?
7
What is the value of (-105 - -85) + 7 + -3 + 4?
-12
What is the value of (-68 - (-79 + -8)) + -62?
-43
What is -18 + -34 + 12 + 50 + -5?
5
What is the value of (-10 + ((-1 - 4) + 10 - -4) - -11) + -42?
-32
Evaluate -1 + -20 + (2632 - 2710).
-99
Calculate 27 - (-43 + (50 - (31 - -1))).
52
Evaluate -211 - -256 - (5 + -14).
54
What is the value of (0 - 9 - 2) + (1 - -51 - (1152 + -1121))?
10
-9 + -9 + -3 + 12 + (11 + 1 - -60)
63
What is the value of -5 - -12 - -4 - (-101 + 93 - -159)?
-140
Evaluate 24 + -40 + (8 - -50).
42
Evaluate -3 + -1 - (2892 + -2981).
85
Calculate -2 + 9 - ((-14 - -36 - 10 - 6) + 13).
-12
Evaluate 112 + -108 + 84 + -53.
35
What is -65 + 14 + 50 + (-1 - 57)?
-59
(-11 - 3) + (8 - (81 + 0 + 22 + -13))
-96
Evaluate 2 + 113 + -106 + (6 - (14 + -1 - -4)).
-2
(22 - 2) + (106 - 139) + 9 + 1 - -7
4
What is the value of (1 + (-6 - (1 + 8)) - -7 - 8) + -7?
-22
Calculate -110 + 39 - -60 - (-1 - (10 - -2)).
2
-4 + ((58 - 28) + -31 - (-42 + 0))
37
Calculate (-58 - -39) + (13 - 0) + -5 + 61.
50
What is the value of (-47 - -42 - 9 - (-15 + 0)) + -1 + 37?
37
Calculate 9 + (52 + -90 - 7).
-36
Evaluate 96 + -45 + -58 + -3 + 1 + -2.
-11
14 + 16 - (72 + -19)
-23
What is the value of 56 + (14 - (-22 - -71))?
21
What is the value of ((-9 - -4) + -92 - 29) + 6?
-120
Evaluate 1175 - 1153 - (-44 - (3 - 4)).
65
Evaluate 61 + -51 + (-97 + 91 - (0 + 69)).
-65
Evaluate (-13 + 31 - -8) + -24 + -12.
-10
-113 + 26 + -15 - (25 + -18)
-109
What is the value of (1 - (3 - 0)) + (32 - 1 - 15 - 14)?
0
Evaluate (-4 - -12) + 23 + (11 - 27) + 16.
31
Evaluate -160 + 137 + -6 + -2 - -19.
-12
66 + -24 + -9 - 3 - 160
-130
26 - 1 - (-1147 - -1123)
49
4 + -13 - (14 - (2 - (23 + -20)))
-24
-5 + 51 + (-7 - ((-13 - -8) + -3)) - -5
52
What is 2 - -31 - (30 - (238 - 192))?
49
What is the value of (31 + -48 - (29 + -22)) + (15 - 2)?
-11
Calculate 2 - 6 - ((123 - 120) + -30 + -5 + 2).
26
Evaluate (2 - 8) + 1 - (282 + -270).
-17
What is -62 - 21 - (-4 + -5) - (13 + 0)?
-87
What is 819 - 880 - (22 - 0) - -6?
-77
What is -9 - -10 - 8 - (-32 - (-1 + -2))?
22
What is the value of (81 - 96) + 13 + 19?
17
What is the value of -75 + 48 + -14 - (-3 - -11)?
-49
What is (-3 - (-38 + 92)) + 28?
-29
What is the value of -7 + 1 - (-247 - -250) - -12?
3
Calculate 2 - (74 - 0 - (-3 - 53 - -68)).
-60
Evaluate (-14 - -49) + (-20 - -11 - -21).
47
Calculate -137 + (-34 - (-34 + -35)) - -37.
-65
What is the value of (7 + -7 - 4) + 6 - -11 - 21?
-8
99 - (-2 - (-35 - 18))
48
Calculate -2282 + 2291 - (0 + (1 - 1 - -4)).
5
What is (-14 - (-2 + 4)) + (11 - (-44 + -42))?
81
What is the value of -139 + (46 - (-55 - -19))?
-57
What is -7554 + 7537 + (2 + -31 - 2) + 3?
-45
Evaluate 3086 + -3036 + -156 + 3.
-103
What is 6 + 3 + -5 + -5 + (-2 - 1) + 55?
51
Calculate -594 + 602 - (74 - -2).
-68
Evaluate (12 - -58) + -15 + 9 - (-10 + -8 - -14).
68
What is the value of -9 + (-15 + -5 + 6 - (-55 - -3))?
29
Calculate -69 - (-31 + -48) - (1 - -34).
-25
What is the value of -2 + (0 - (1 - 54)) + (12913 - 12916)?
48
What is (25 - -1) + 4031 + -4044?
13
Evaluate 19 - (68 - -1) - (6 - 9).
-47
Calculate -3 - (-1 + -83 - (-112 + 116)).
85
What is (-4 - -2) + 312 + -293 + -2?
15
What is -66 + (77 - -6) + -6 + 2 + -2 + 10?
21
Calculate 35 + (-8 - -2) - 9 - (-9 - -5).
24
What is (-8 - -6 - -9) + 2 + (36 - 4)?
41
38 - ((-73 - -66 - (3 + -17)) + -15)
46
(142 + -151 - (1 + -12)) + (2 - (3 + -5))
6
What is 69 + 2 + 384 + -464?
-9
(1 - -24) + -73 + 111 + -10
53
What is (-3 - (2 + 0)) + (-36 - (-40 + -39))?
38
What is the value of -13 + 1 + (51 - (8 - (-8 + 10 + 10)))?
43
Calculate -82 + (215 - 71) + -51.
11
Evaluate (9 - (-7 + 80)) + (16 - (-8 + 16)).
-56
Calculate (22 - (7 - 7)) + (20 - 10 - 22).
10
Calculate (5 - (16 + (-10 - 1) + 15)) + -2.
-17
Evaluate (-103 - -101) + -4 + 2 - (-1 + -2).
-1
Calculate 1 + -69 + (249 - 238).
-57
What is (-104 - (11 + -41)) + 40?
-34
20 - (-26 - -2) - (18 - 60)
86
What is 26 - (43 - -32) - (4 + -16)?
-37
What is -7 + (1 + 0 - (42 - 33 - 12) - 23)?
-26
Evaluate (46 - 1 - -2) + -315 + 303 - (6 - 6).
35
What is the value of (1 - -62) + (56 - (108 - 28))?
39
What is the value of (-249 - -223) + 4 + -2?
-24
(57 - 0) + -7 + -40 + (73 - 19)
64
Calculate 1 + 0 - (64 + -16 + (-1 - -20)) - 12.
-78
What is the value of -10083 + 10142 + 1 + -27?
33
Evaluate 0 + 12 + -467 + 463 + -25 + -2.
-19
(-31 + 34 - (-6 - (-42 - 9))) + 0
-42
202 + -102 + -73 - 3
24
(-557 - -532) + 1 + -3 + 6
-21
Evaluate (0 + -1 - -7) + 3998 + -3991.
13
What is 9 + -14 - -6 - (19 + -9 - -41)?
-50
Calculate 2 + -8 + 64 - -1 - (1 + (22 - 33)).
69
13 - (-4 - (6 + -48))
-25
What is (14 - 14) + (-2 - -3 - (9 - 11)) - 16?
-13
What is (-41 - 2) + (63 - (-58 - -109))?
-31
Calculate -7 + -1 + 30 + (-124 - -110) + 77.
85
Calculate 0 - (-5 + (-3 - (3 - 70)) + -4 + -2).
-53
What is the value of -186 + 181 - (-22 - 0)?
17
What is (46 - (65 + -32)) + 12?
25
-39 + (-3 - 10) + 7 + 18
-27
Calculate -5 + -35 + (10 - 0 - 18 - -10 - 7).